{"id":132,"date":"2019-09-18T16:32:00","date_gmt":"2019-09-18T16:32:00","guid":{"rendered":"https:\/\/tribunavm.com.ar\/?page_id=132"},"modified":"2025-01-20T20:51:21","modified_gmt":"2025-01-20T20:51:21","slug":"quienes-somos","status":"publish","type":"page","link":"https:\/\/tribunavm.com.ar\/index.php\/quienes-somos\/","title":{"rendered":"Quienes somos"},"content":{"rendered":"\r\n<p>El proyecto <span style=\"color: #ff9900;\"><strong>Tribuna<\/strong><\/span>, fundado por sus trabajadores y editado actualmente por la <strong>Cooperativa de Trabajo Idear Ltda.<\/strong>, nace el <strong>16 de mayo de 2019<\/strong> con el objetivo de organizarse junto a la comunidad, compartiendo un espacio de informaci\u00f3n y formaci\u00f3n colectiva junto a las organizaciones sociales.<\/p>\r\n<p>Entendemos a<strong> la comunicaci\u00f3n como una herramienta de organizaci\u00f3n colectiva.<\/strong> Por ello, desde sus comienzos hemos garantizado el acceso gratuito al peri\u00f3dico en formato impreso y digital a toda la comunidad. El mismo se sostiene con el trabajo voluntario de sus trabajadores, junto con el apoyo de instituciones y organizaciones de la comunidad que permiten <strong>sostener la independencia econ\u00f3mica del proyecto<\/strong>.\u00a0<\/p>\r\n<p><strong><span style=\"color: #ff9900;\">Tribuna:<\/span><\/strong> el movimiento en palabras, las palabras en movimiento.<\/p>\r\n<!--[if lt IE 9]><script>document.createElement('audio');<\/script><![endif]-->\n<audio class=\"wp-audio-shortcode\" id=\"audio-132-1\" preload=\"none\" style=\"width: 100%;\" controls=\"controls\"><source type=\"audio\/mpeg\" src=\"https:\/\/tribunavm.com.ar\/wp-content\/uploads\/2019\/10\/Audio-presentaci\u00f3n.mp3?_=1\" \/><a href=\"https:\/\/tribunavm.com.ar\/wp-content\/uploads\/2019\/10\/Audio-presentaci\u00f3n.mp3\">https:\/\/tribunavm.com.ar\/wp-content\/uploads\/2019\/10\/Audio-presentaci\u00f3n.mp3<\/a><\/audio>\r\n<p><strong><span style=\"color: #ff9900;\">Contacto:<\/span><\/strong> idearcoop@gmail.com &#8211; tribunavillamaria@gmail.com &#8211; Ig: <a href=\"https:\/\/www.instagram.com\/tribuna.vm?utm_source=ig_web_button_share_sheet&amp;igsh=ZDNlZDc0MzIxNw==\"><em><span style=\"color: #3366ff;\">https:\/\/www.instagram.com\/tribuna.vm?utm_source=ig_web_button_share_sheet&amp;igsh=ZDNlZDc0MzIxNw==\u00a0<\/span><\/em><\/a><\/p>\r\n","protected":false},"excerpt":{"rendered":"<p>El proyecto Tribuna, fundado por sus trabajadores y editado actualmente por la Cooperativa de Trabajo Idear Ltda., nace el 16 de mayo de 2019 con el objetivo de organizarse junto a la comunidad, compartiendo un espacio de informaci\u00f3n y formaci\u00f3n colectiva junto a las organizaciones sociales. Entendemos a la comunicaci\u00f3n como una herramienta de organizaci\u00f3n [&hellip;]<\/p>\n","protected":false},"author":1,"featured_media":0,"parent":0,"menu_order":0,"comment_status":"closed","ping_status":"closed","template":"","meta":{"_exactmetrics_skip_tracking":false,"_exactmetrics_sitenote_active":false,"_exactmetrics_sitenote_note":"","_exactmetrics_sitenote_category":0,"jnews_page_loop":{"enable_page_loop":"0","first_title":"Latest Post","second_title":"","header_type":"heading_6","header_background":"","header_text_color":"","layout":"right-sidebar","sidebar":"default-sidebar","second_sidebar":"default-sidebar","sticky_sidebar":"1","module":"3","boxed":"0","boxed_shadow":"0","box_shadow":"0","excerpt_length":"20","content_date":"default","date_custom":"Y\/m\/d","content_pagination":"nav_1","pagination_align":"center","show_navtext":"0","show_pageinfo":"0","post_offset":"0","posts_per_page":"5","include_post":"","exclude_post":"","include_category":"","exclude_category":"","include_author":"","include_tag":"","exclude_tag":"","sort_by":"latest","post_sticky":"0"},"jnews_single_page":{"layout":"no-sidebar","sidebar":"default-sidebar","second_sidebar":"default-sidebar","sticky_sidebar":"1","show_post_featured":"0","show_post_meta":"0","share_position":"hide","share_color":"share-monocrhome","show_post_title":"1","show_post_breadcrumbs":"1"},"jnews_social_meta":{"fb_title":"","fb_description":"","fb_image":"","twitter_title":"","twitter_description":"","twitter_image":""},"_joinchat":[],"footnotes":""},"class_list":["post-132","page","type-page","status-publish","hentry"],"_links":{"self":[{"href":"https:\/\/tribunavm.com.ar\/index.php\/wp-json\/wp\/v2\/pages\/132"}],"collection":[{"href":"https:\/\/tribunavm.com.ar\/index.php\/wp-json\/wp\/v2\/pages"}],"about":[{"href":"https:\/\/tribunavm.com.ar\/index.php\/wp-json\/wp\/v2\/types\/page"}],"author":[{"embeddable":true,"href":"https:\/\/tribunavm.com.ar\/index.php\/wp-json\/wp\/v2\/users\/1"}],"replies":[{"embeddable":true,"href":"https:\/\/tribunavm.com.ar\/index.php\/wp-json\/wp\/v2\/comments?post=132"}],"version-history":[{"count":14,"href":"https:\/\/tribunavm.com.ar\/index.php\/wp-json\/wp\/v2\/pages\/132\/revisions"}],"predecessor-version":[{"id":12248,"href":"https:\/\/tribunavm.com.ar\/index.php\/wp-json\/wp\/v2\/pages\/132\/revisions\/12248"}],"wp:attachment":[{"href":"https:\/\/tribunavm.com.ar\/index.php\/wp-json\/wp\/v2\/media?parent=132"}],"curies":[{"name":"wp","href":"https:\/\/api.w.org\/{rel}","templated":true}]}}